).
0
Suppose 23*u - 2*p = 18*u + 3558, -p - 2847 = -4*u. Calculate the remainder when u is divided by 55.
52
Let l(h) = 3*h**2 + 2*h + 19. Let r(a) = -a**2 - a. Let w(q) = l(q) + 2*r(q). What is the remainder when 56 is divided by w(0)?
18
Suppose 0 = -0*c - 4*c + 2*j + 8, 5*j = 4*c - 20. Let w be 109 + 1/3*c. Suppose w + 26 = 5*b. What is the remainder when 107 is divided by b?
26
Let s = -201 + 280. Calculate the remainder when s is divided by 29.
21
Suppose -3*v = -2*z + 64 - 23, 26 = -2*v + 2*z. Let s = -1 - v. Let g = -469 + 523. What is the remainder when g is divided by s?
12
Calculate the remainder when 61 is divided by (-31)/((-5)/(-15)*-3).
30
Suppose 6*f - 32 = 4*f. What is the remainder when 91 is divided by f?
11
Let n = -1102 - -1931. Calculate the remainder when n is divided by 26.
23
Suppose u + 44*y = 46*y + 171, 0 = 3*u + y - 541. What is the remainder when u is divided by 1?
0
Suppose -q = i + i - 445, -3*q - 9 = 0. Suppose 0 = -2*k + 3*g + 75, 4*k + 3*g - 2*g - 185 = 0. Calculate the remainder when i is divided by k.
44
Suppose 2*a + k - 537 = 0, 2*a + 5*k = -130 + 663. Calculate the remainder when a is divided by 34.
31
Suppose o + 305 = 3*h, -h + 6*o - 9*o = -95. What is the remainder when h is divided by 22?
13
Suppose -3*v - v = -40. Let l = v - 10. Suppose 3*h - 12 = l, h = s - 4*h - 15. Calculate the remainder when s is divided by 13.
9
Let v = -4 - -1. Let b = v + 7. Suppose b + 32 = 4*l. What is the remainder when 35 is divided by l?
8
Let f = -149 + 195. What is the remainder when f is divided by 17?
12
Let y(d) be the first derivative of 2*d**3/3 + 3*d**2 + 7*d - 11. Calculate the remainder when y(-5) is divided by 14.
13
Suppose -59 = -3*c + 5*a + 46, 4*c - 2*a = 140. What is the remainder when c is divided by ((-1)/3)/((-2)/78)?
9
Suppose 3*b + z - 60 = -b, -2*z = -8. Suppose 4*t = u + 218, u - 3*u = -4. What is the remainder when t is divided by b?
13
Calculate the remainder when (28 - -32) + 1*7 is divided by 6.
1
Let y(k) = -k + 1. Let t be y(-9). Suppose t*r - 8*r = 38. Calculate the remainder when 50 is divided by r.
12
Suppose -40 = 3*m + 29. Let u = m + 38. What is the remainder when 43 is divided by u?
13
Let c(t) = 41*t**2 - 2*t - t - 2 - 40*t**2. Let g be c(6). Suppose -2*k - 5*o + 33 = -g, 4*k + 3*o = 77. What is the remainder when k is divided by 6?
5
Calculate the remainder when 59 is divided by (-45)/(-6)*144/54.
19
Let n = -35 + 75. Let o = n - 21. Calculate the remainder when o is divided by 5.
4
Let y be 7/(28/144) - 4. Suppose 0*m - y = -4*m. Suppose m*b = 2*b + 288. Calculate the remainder when b is divided by 17.
14
Suppose 3*l - 28 = -5*z + 37, z - 25 = -l. Calculate the remainder when 70 is divided by l.
10
Let p = 925 - 528. What is the remainder when p is divided by 20?
17
Let m = -39 - -41. Suppose -h - 12 = -3*h - w, -m*w = 0. Let l = 7 + 8. Calculate the remainder when l is divided by h.
3
Suppose 0 = 6*n - 4*n - 100. Suppose 3*z = z + n. What is the remainder when 99 is divided by z?
24
Suppose -80 = -0*m - 5*m. Calculate the remainder when (11/33)/(1/222) is divided by m.
10
Suppose c - 11 = -d, 5*d + 1 - 12 = -c. What is the remainder when 26 is divided by 14 - -1 - (10 - c)?
10
Suppose -4*q + 20 = -2*b, 4 = -2*q + 3*q. Let t be 2/(-2) + (0 - b). Calculate the remainder when 11 is divided by -1 + 6 - (-1)/t.
5
Let i(g) = 10*g - 63. What is the remainder when i(31) is divided by 36?
31
Suppose -2*v = v + 879. Let g = v - -568. Let a = 390 - g. Calculate the remainder when a is divided by 29.
28
Let b(p) = p**3 + p + 12. Let g be b(0). Let o be 58 - (-5)/((-20)/g). Let j = -36 + o. Calculate the remainder when j is divided by 10.
9
Suppose 4*p + n + 2*n = 133, 5*n + 140 = 5*p. Calculate the remainder when p is divided by 20.
11
Let b(j) = -2*j - 5. Let p be b(-5). Suppose r - p*r = -180. Let n(h) = -15*h**3 - h**2 - 2*h. What is the remainder when r is divided by n(-1)?
13
Let c(t) = 45*t + 5. Let w be c(-2). Let x = 94 + w. What is the remainder when 11 is divided by x?
2
Let g(u) be the first derivative of 2*u**3/3 + u**2 - 4*u + 1. Let n be (8 + -7)*(-3)/1. Calculate the remainder when g(n) is divided by 3.
2
Let h be 19*(410/15 + 2/(-6)). Suppose y - n - 311 = -2*y, -5*y + h = n. Calculate the remainder when y is divided by 21.
19
Let d = -51 - -200. Let j = -40 + d. What is the remainder when j is divided by 28?
25
Let k(b) = -b**3 - 2*b**2 - 2*b + 1. Let h = -791 - -849. Calculate the remainder when h is divided by k(-3).
10
Let b(r) = -r**3 + 2*r**2 + 2*r + 3. Let p be b(3). Suppose 8*k = -p*k + 112. Calculate the remainder when 54 is divided by k.
12
Let c(k) = -5*k + 3 + k**2 + 4*k - 4*k**2 + 5*k**3 - 4*k**3. Calculate the remainder when 70 is divided by c(4).
10
What is the remainder when 78 - (7 + (-17 - -7)) is divided by 44?
37
What is the remainder when 161 is divided by 48/(-18) + 3 - (-167)/3?
49
Let w = 936 - 909. What is the remainder when 50 is divided by w?
23
Suppose 3*o - 157 + 46 = 0. Calculate the remainder when 157 is divided by o.
9
Let t = 240 + -169. Calculate the remainder when t is divided by 54.
17
Let a = 1036 + -1022. Calculate the remainder when 64 is divided by a.
8
Let q = 4 + -2. Suppose -272 = -13*u - 21*u. What is the remainder when u is divided by q?
0
Suppose 0 = -2*k - 4*k + 48. What is the remainder when 94 is divided by (-14 + 5)*k/(-3)?
22
Let a = -107 + 157. Let p(h) = -8*h**3 - 27*h**2 + 16. What is the remainder when p(-4) is divided by a?
46
Suppose -12*l + 21 = -15*l. Let f = l + 100. Let w = -51 + f. Calculate the remainder when w is divided by 22.
20
Let h be (2/2)/(5/(-15)). Let w(z) = 6*z**2 - 1. What is the remainder when h/((2 - 1) + (-24)/18) is divided by w(-1)?
4
Let y(v) = v**3 - 47*v**2 - 4*v + 214. Calculate the remainder when 46 is divided by y(47).
20
Let m = 0 - -3. Calculate the remainder when m is divided by 0/24 - 1/(1 + -2).
0
Let a(y) = -56*y**3 + 4*y**2 + 2*y. Calculate the remainder when a(-1) is divided by (2 + -4)*(-6)/1.
10
Suppose 0 = -6*d - 93 + 237. Calculate the remainder when 116 is divided by d.
20
Let l = -8 - -13. Suppose 0 = p - 3*p + 2, l*x - p - 9 = 0. What is the remainder when x is divided by 6/36 - (-11)/6?
0
Let z(t) = -t**3 + 11*t**2 + 5*t + 15. Let r be z(10). Suppose -3*y + 258 = r. What is the remainder when y is divided by 11?
9
Let x be -1 + 5 + -1 - -2. Suppose 0 = -d + 3*d - 2*t + 10, -t = x*d + 19. What is the remainder when (114/4)/((-6)/d) is divided by 11?
8
Let c = -54 + 62. Suppose c*l - 342 = -l. What is the remainder when 150 is divided by l?
36
Let t(s) = s + 1. Suppose -5*g + 38 = -7. Calculate the remainder when g is divided by t(4).
4
Suppose k + 25 = 6*k. Let l(j) = 11*j**2 - k*j + 4 - 12*j**2 - 4. What is the remainder when 6 is divided by l(-4)?
2
Let z(f) be the first derivative of -f**3/3 + 3*f**2 + 41*f + 17. What is the remainder when 55 is divided by z(9)?
13
Let g(u) = -u + 3. Let t be g(6). Let k = -36 - -24. What is the remainder when 18 is divided by 14/t*18/k?
4
Suppose -4*o + o = -159. Suppose -4*n + y + 202 = 0, -2*n - 2*y - o + 149 = 0. What is the remainder when n is divided by 18?
14
Let n(i) = i**2 + 6*i + 22. What is the remainder when n(-4) is divided by 9?
5
Let s(r) = 4*r + 3 - 3*r**2 + r**3 + 5*r - r**2 - 6*r. Let q be s(3). Suppose -2*a + 0*a - 3*p = -31, q = p. Calculate the remainder when 31 is divided by a.
9
Let o be 0 - 2 - (0 - 0). Let x(y) = y - 2. Let j(d) = -4*d + 15. Let c(z) = -2*j(z) - 14*x(z). What is the remainder when 28 is divided by c(o)?
8
Let q(h) = -2*h**2 - 23*h + 71. What is the remainder when q(-11) is divided by 79?
3
Let j = -52 + 80. Calculate the remainder when 113 is divided by j.
1
Let x be 0/(0 + 2)*(-3 + 4). Suppose x = -4*i + 2*h + 178, -4*i = -0*i + 3*h - 183. Calculate the remainder when 134 is divided by i.
44
Suppose 6*d + 140 = 812. Calculate the remainder when d is divided by (4 - (-27)/(-2))*(2 - 8).
55
Suppose 6*p + 585 = 21*p. Calculate the remainder when 192 is divided by p.
36
Suppose 5*x = 3*c - 422, -3*c + 414 = 2*x - 5*x. Let h = c + -47. What is the remainder when h is divided by 2/(-4) + (-90)/(-4)?
21
Suppose -4*s + 9 = -s. Suppose s*m - 53 - 70 = 0. Suppose 3*q - 2*k = -0*q + 64, 5 = 5*k. What is t